 5*s - 3*s - 1492 = a. Is s prime?
False
Let t(s) = 0*s - 6*s**2 - 4*s + 7*s**2 + 9. Let i be t(3). Is 3*((-3964)/i)/(-2) prime?
True
Let m = 561907 - 124658. Is m composite?
True
Let x = -3221 - -130044. Is x composite?
False
Let p(b) = 1749*b**2 + 30*b + 358. Is p(-11) a prime number?
True
Is -414717*3/(-9)*(-26 + 27) prime?
True
Suppose -28*j = 8*j - 4*j - 7363744. Is j composite?
False
Suppose 19 = 5*r - 4*h, 0 - 1 = -2*r - 5*h. Suppose -r*g + 0 - 3 = 0. Is (1 - 2 - 4720)*g prime?
True
Let k = -308 - -312. Suppose -16798 = -k*g + 3*o, 3*g - 6442 = o + 6154. Is g a prime number?
False
Let m be (151/(-453))/(2/(-18)). Suppose 1026 = u - 1384. Suppose 3*l - 7227 = 4*d, -4*d = -l - m*d + u. Is l prime?
False
Let c be (153/(-12))/((-2)/320*3). Suppose 0 = -j + 7*a - 4*a + c, 3*j - 5*a = 2052. Is j a prime number?
False
Suppose 39*a + 55005 = 4*k + 38*a, 0 = -4*k - 3*a + 55033. Is k composite?
True
Let o be (6 + -2 - -1) + 2. Let d = -2561 - -3547. Suppose 5*g + d = o*g. Is g a prime number?
False
Suppose -o = -0*q + 4*q - 18397, 2*q + 73570 = 4*o. Suppose -4*w + 24524 = 4*l, -3*l + w = -0*w - o. Is l a prime number?
True
Suppose 7*n + 5*q - 7260 = 3*n, n + 4*q - 1804 = 0. Suppose 5*p - n = 1895. Is p a prime number?
True
Let g(d) = -10*d. Let l be g(-1). Suppose 13*z - 2049 = l*z. Is z a prime number?
True
Let c(j) = 10*j**2 - j - 1. Let t be c(-3). Let u = -88 + t. Suppose 0 = -3*q + 4*o + 987, -1016 = -u*q - 5*o + 300. Is q prime?
False
Let v(o) be the second derivative of -3*o**5/20 + o**4/6 - 41*o**3/6 + 37*o**2/2 + o - 21. Is v(-13) a composite number?
False
Suppose 3*v - 26 = -74. Is (-107544)/v*2/3 composite?
False
Let f(k) be the third derivative of -k**5/30 - 2*k**3/3 - 15*k**2. Let o be f(2). Is ((-8)/o)/(3/(18927/6)) composite?
False
Let b(a) = -243*a - 214. Let s be b(11). Let z = -476 - s. Is z a prime number?
True
Let y be -7*12003*(-5)/35. Suppose 28402 + y = 5*g. Is g a prime number?
True
Let r(k) = 12*k + 52. Let v be r(-4). Suppose y = -3*y - 8, 4*d - 6636 = v*y. Is d a prime number?
True
Let p = 1133083 + -793566. Is p composite?
False
Is (171/(-12) - -15)/((105/95080)/7) a prime number?
False
Let u be (-3)/(-4) + (-110)/8. Let j(b) = b**3 + 21*b**2 - 27*b + 6. Is j(u) a composite number?
False
Let t = 243 - 239. Suppose -3*j - 2*h + 11393 = 0, -t*j + 3*h + 15184 = -h. Is j a composite number?
False
Suppose 8 - 14 = -2*l. Suppose -3*k + 116843 = a - 5*a, 0 = 4*k - l*a - 155800. Is k a prime number?
True
Let n(o) = -3*o**2 + 66*o + 31. Let l be n(34). Let g = l - -6894. Is g a composite number?
False
Let m = 2133 - 1188. Suppose -4*c = -2723 - m. Let h = c - 508. Is h prime?
True
Let u = -64423 + 107814. Is u a composite number?
False
Is 352396/24 + (-42)/252 prime?
True
Let g(t) = -159*t - 116. Let k be g(-4). Is (-69458)/(-8) + k/(-416) composite?
False
Suppose 34*f - 2695 = -8101. Suppose -122 = 3*l - 2*s, -2*l + 2*s - 60 = 6*s. Let b = l - f. Is b composite?
True
Let b = -445063 - -977040. Is b a composite number?
False
Suppose 5*f - 13 - 402 = 0. Suppose 2*v - 4*z + 7188 = 6*v, -9*z = -5*v + 8929. Suppose f*j + v = 84*j. Is j a composite number?
True
Suppose 0 = 3*o - 4*g + 5, 0 = -4*o + 5*g - 5 - 0. Suppose 0 = -3*t + o*s + 3851, -7*t + s - 5104 = -11*t. Is t a composite number?
False
Suppose -50*q + 1482718 = -37152132. Is q a prime number?
True
Suppose 0 = 2*q - 4*n + 20236, -4*n - 2817 - 7325 = q. Let j = 2235 - q. Is j composite?
True
Suppose 80 - 14 = 6*l. Let p be l - (-3 + -1 + 0). Suppose -p*s + 13*s + 154 = 0. Is s prime?
False
Let i(a) = -a**2 + 31*a - 58. Let n be i(29). Suppose n = -2*t + 3*h + h + 8382, 0 = -4*t - 3*h + 16797. Is t composite?
True
Suppose 5*j - 9 + 54 = 0. Is 5 + j + 5157 - 6 a prime number?
True
Let a = 1095700 - 715863. Is a prime?
True
Let q be 494/(-78) + (-1)/(-3). Let z = -6 - q. Suppose 4*t - c = 2812, -4*c - 2812 = -4*t - z*c. Is t composite?
True
Let i be 1/(1/(-2)*(-10)/15). Suppose 0*g - i*g + 879 = 0. Let w = -154 + g. Is w a prime number?
True
Suppose 62*a - 253576 = -2538. Is a a composite number?
False
Let g(o) = -2*o**3 + 28*o**2 + 3*o - 31. Let l be g(14). Is 2 + 2 + l + 13564 prime?
False
Suppose -21*r - 75*r - 32*r + 56207744 = 0. Is r a prime number?
True
Let f(p) = -2910*p + 3893. Is f(-33) a prime number?
True
Let j = -88402 + 164583. Is j a composite number?
True
Let u = 9678 - 4834. Suppose 4*x + n = u, -n = 2*n. Is x/4 + 5/20 composite?
True
Let z = -209 + 269. Suppose z*p = 64*p - 380. Is p a composite number?
True
Suppose -z + 29 = 1. Suppose 5*i - 3*i + z = -5*h, h = -3*i - 3. Is (h/(-4))/(24/2272) a prime number?
False
Let t be ((-4)/3)/(((-40)/15)/(-8)). Let p be 32/(t/(-72)*-3). Let s = 1555 + p. Is s prime?
False
Suppose 40 - 49 = 3*z. Let r be (z/(-6)*0)/(-2). Suppose 1 = f, -h + 3243 = -r*f + 2*f. Is h a composite number?
True
Let m(n) = 25*n**3 - 2*n**2 - 9*n - 1. Let d = -236 + 240. Is m(d) a composite number?
False
Suppose 261*k - 4 = 259*k. Is ((-10077)/1)/(k*(-3)/2) a composite number?
False
Suppose -7876 - 3396 = -8*t. Let f = t - 193. Suppose 4*j - 1316 = f. Is j prime?
False
Suppose -35080 = 16*m - 17*m + i, -m + 35088 = -5*i. Is m a composite number?
True
Let o be (-11)/(-3) + 16/(-24). Let d be (4805/(-15))/(o/(-9)). Suppose -3*f + l = 4*l - 579, -3*l = 5*f - d. Is f a composite number?
False
Let w = 65 - 69. Is (-11 - w) + 9 - 3294/(-2) a composite number?
True
Let b(d) = -101*d - 632. Let j be b(8). Suppose 2824 = 4*a - 9108. Let c = a + j. Is c a composite number?
False
Is ((-98124)/1989)/(8/(-46302)) a composite number?
True
Suppose -4*l + 4*d = -768, l - 5*l - 5*d + 723 = 0. Is l a prime number?
False
Suppose 5*a - 1776 - 3262 = 3*t, -3*t - 2017 = -2*a. Let x(s) = -4*s**3 + 4*s**2 - 11*s - 26. Let j be x(-4). Suppose 3*l + j = a. Is l prime?
True
Let m(y) = 9242*y**3 - 4*y**2 + 5*y - 1. Let h be m(1). Suppose -6*v + h = -4756. Is v a prime number?
True
Let w(c) = c**3 - 56*c**2 + 140*c - 725. Is w(67) a prime number?
False
Suppose -156*w - 1202631 = -159*w. Is w prime?
False
Let t = -26 - 17. Let w = t - -46. Suppose -5*p - 2*u + 4*u = -4201, w*p + u = 2514. Is p composite?
False
Let d(q) = 2*q**2 + 2*q. Let t be d(-2). Suppose t*u = -5*c - 45, -2*c + 3 - 33 = 4*u. Let m(o) = -8*o**3 - 2*o**2 + 6*o - 6. Is m(c) a composite number?
True
Suppose -28*w + 17*w + 66 = 0. Is (w - 10) + (1 - 29*-194) a prime number?
True
Suppose -3*y = -2*p - 34327, 46*p - 11439 = -y + 45*p. Is y composite?
True
Suppose -4*m - 144105 = -i + 756734, 5*i - 4*m - 4504291 = 0. Is i a prime number?
True
Suppose 5*f - f = 712. Let t = f - 3. Suppose 4*j = -r + t, 0 = 3*r - 4*j - 362 - 211. Is r a composite number?
True
Let q = -1356 - -872. Let f be 2/11 - (-11)/(q/(-168)). Suppose -f*h + 1075 = h. Is h a composite number?
True
Let r be (22 - 8)*(-5466)/(-12). Let v = r + -1936. Is v composite?
False
Suppose 5*c + 3134 = 3*k, -6*c + 4*c + 5*k = 1246. Let g = 1515 + c. Is g a prime number?
True
Let i(c) = c**3 + 61*c**2 - 6*c - 255. Is i(-54) composite?
True
Let c be ((-3)/(-6))/((-13)/6 - -2). Is ((-515165)/21)/5*c composite?
True
Suppose -14822588 - 21239250 = -46*a. Is a composite?
False
Suppose -789*u + 870*u = 6377454. Is u composite?
True
Let i = 374 - 369. Is (-235434)/(-12) + i/(-10) a prime number?
False
Let r = -157 + -113. Let a = 1628 - 571. Let u = a + r. Is u a composite number?
False
Suppose 4*f - 2 = 10. Suppose f*s = -s + 16. Let u(z) = 43*z + 15. Is u(s) prime?
False
Let b(c) = -25 + 2 - 319*c + 20 - 573*c. Let z be (2/4)/((-1)/2). Is b(z) prime?
False
Let d(c) = 3*c**3 - 24*c**2 - 3*c + 47. Is d(20) composite?
False
Let g be (-1 - 1142)/(16/(-592)). Suppose -169086 = -15*q - g. Is q prime?
False
Let v = -79035 - -202012. Suppose 21*q - v = -10*q. Is q a prime number?
True
Let p(n) = n**2 + 7*n + 8. Suppose -7 = 2*a + 5. Let r be p(a). Is 3 + (-8 + 45)*r*13 a prime number?
False
Suppose -4*z - 5*m + 1 = -2*m, 2*z + 17 = -5*m. Suppose -6*a - z*g = -3*a + 19, -a - 5*g = 21. Is (-6976)/(-7) + ((-24)/56)/a prime?
True
Suppose -2289510 = 26*c - 5898856. Is c a prime number?
True
Suppose 74*h = 83*h - 27. Suppose h*n - 4*y + 7*y = 21222, 3*y = -4*n + 28291. Is n prime?
True
Suppose -f = -1859 - 1435. Suppose 3*n - f = 5*n. Let b = 3800 + n. Is b composite?
